at is (4 - (-3 - -2)) + -4?
1
(2 - 4) + 40 + -37
1
Calculate (11 + -1 - 6) + (4 - 16).
-8
4 + -2 - (-4 - (0 - 6))
0
What is -40 - -47 - (16 + -3 + 0)?
-6
What is the value of 3 - (-5 + 5) - (3 - -1)?
-1
Calculate -5 - (-2 + 0 + (0 - -4)).
-7
Calculate 3 + (-3 + 4 - 7) + 6.
3
Calculate (2 - (2 + -1)) + 107 + -102.
6
Calculate -1 + 7 + -5 + 1.
2
What is the value of -7 - (-3 + (-1 - -3)) - -7?
1
Evaluate (-3 - -7) + (30 - 37).
-3
Calculate (5 - 2 - 3) + 7.
7
-2 + 1 - -2 - 5
-4
Calculate (-3 - -1) + (1 - -4).
3
2 + (-2 - (-1 + 0))
1
What is the value of -58 - -63 - (2 + 5)?
-2
What is (2 - 11) + (-22 - -33)?
2
Calculate 7 + -15 - -13 - 1.
4
What is the value of -3 - (4 + -11 + 0) - -1?
5
Evaluate 7 + -12 + (1 - -4).
0
What is 4 + (1 - (-5 + 6 + -3))?
7
What is the value of 0 + 13 + -8 + -16 + 2?
-9
Evaluate -8 + (1 - (0 + 2)) + 4.
-5
Calculate -19 + (12 - (-7 - -8)).
-8
Evaluate (-14 - -32 - 11) + -1 + -1.
5
Evaluate 0 + -8 + 2 - -7.
1
Evaluate 5 + -14 - -5 - -5.
1
Calculate -6 - (-1 - (2 + -1)) - -4.
0
Evaluate -4 - ((5 - 4) + 2 - 3).
-4
What is the value of -7 + (7 - (0 + 3))?
-3
Calculate 5 + -5 + -1 + 2.
1
Calculate 3 + -5 + 0 + -2.
-4
What is the value of (-6 - -16) + (4 - 9)?
5
Calculate 0 - (-6 + 9) - (1 - -1).
-5
What is the value of 8 - ((10 - 4) + -3 - -1)?
4
Evaluate -2 + (-2 - -3) + 7 - 4.
2
What is 11 + (6 - (3 - -12))?
2
Calculate 9 - 16 - (-6 + 4 - 2).
-3
What is the value of -6 + (5 - 4 - -2) + 5?
2
Evaluate -2 + 1 + -1 + (6 - 2).
2
Evaluate -1 + 2 + 8 + (-4 - 3).
2
(11 + -8 - (-1 - -1)) + -4
-1
Calculate (1 - 0) + -1 - (1 + -2).
1
Evaluate (3 - (-2 - -5)) + 5.
5
-2 + -1 - (-124 + 127)
-6
What is (5 - 4 - -4) + (-9 - -2)?
-2
(-6 - -9 - (9 - -2)) + 4
-4
Calculate (-1 - -5) + -4 - 5.
-5
Evaluate -6 + 2 + 2 + 0.
-2
What is the value of (9 - (-3 + 8)) + 1 + -2?
3
Evaluate -10 + 19 - 7 - (5 + -1).
-2
(-2 - (3 + -1)) + (-10 - -8)
-6
Evaluate 3 + (14 - 12) - 8.
-3
What is 11 + (-20 - 0) + 11?
2
11 + (-2 - 4) + -5
0
9 - (2 + -5 + 8)
4
Evaluate (-45 - -42) + -1 + 6.
2
Evaluate -8 - (-14 - -8 - 1).
-1
Evaluate (10 - 6 - 2 - -4) + -2.
4
Evaluate -9 - 7 - (-11 - 1).
-4
Calculate -1 - 1 - 1 - 0 - 1.
-4
What is the value of -3 - ((-5 - -7 - 1) + -4)?
0
What is the value of (-3 - 4 - (13 + -10)) + 7?
-3
-13 + 11 + (5 - 13)
-10
What is -2 + (7 - (1 + 3))?
1
Evaluate 10 + -13 - (-8 - -8).
-3
What is the value of 2 - (2 - -1 - (-7 + 10))?
2
What is -3 - (-2 + -3 + -1) - 3?
0
Evaluate (-6 - (-6 + 1)) + -6.
-7
-6 + 2 + 26 + -27
-5
What is the value of -7 + 0 - 0 - (12 + -15)?
-4
(6 + (-3 - 2) - 7) + 6
0
What is 8 + -4 + (-8 - -2) + -1?
-3
What is the value of 6 - (-4 - -6) - (9 - 1)?
-4
What is the value of (0 - 4) + (5 - 0) + -5?
-4
8 - (-3 + 7 - -2)
2
3 - (3 - 3 - 1 - -1)
3
5 + (-4 - 4 - -5)
2
What is the value of (-2 - -2) + -5 - (-2 - -1)?
-4
2 - (-2 + -4 - (-43 - -43))
8
Calculate 9 + 1 + (4 - (-5 + 9)).
10
Calculate 0 - 4 - (-11 - -7).
0
Evaluate (4 - -4) + -3 + -3 - 4.
-2
What is the value of -4 + (4 - 1) - -1?
0
What is the value of -25 - -19 - (-3 + -1)?
-2
Calculate 0 + (0 - (3 - -1)).
-4
9 + -9 + (5 - 2) + 3
6
10 + (-4 - 3) + -7
-4
Calculate 8 + 13 - 12 - 4.
5
Calculate -13 - -12 - (2 - -3).
-6
0 + 4 + -5 + (-1 - -1)
-1
Evaluate (1 + -1 - 2) + (-112 - -108).
-6
Calculate 5 - (-5 - (-2 + -1)) - 12.
-5
Calculate 9 + -7 + 8 + -5.
5
What is (-5 - -6 - 4) + -1?
-4
What is 5 - (-1 - (-3 + 1 + -1))?
3
Calculate 1 + -7 - (-11 - (-3 + -4)).
-2
What is the value of 3 - (-21 - -32 - (0 + -2))?
-10
Evaluate 3 + -1 + -3 + 6.
5
3 + (-1 - 2) + -4
-4
Evaluate (1 - 1 - 1) + (1 - 3).
-3
What is -3 + -1 - (0 - 3) - -2?
1
Calculate -4 - (-2 - 2 - 3).
3
What is the value of (0 - -3) + -3 + 0?
0
2 - (4 - (0 - -3))
1
What is the value of 3 + -3 + 4 - (3 + -5)?
6
Evaluate (-1 + 6 - 5) + -6 + 10.
4
Evaluate 0 + (-2 - -1 - -2 - 1).
0
What is the value of (-2 - 2) + (-13 - -21)?
4
What is the value of -6 + (38 - 31) + (11 - 2)?
10
What is the value of -5 - (-6 + (3 - 0)) - -3?
1
3 + -1 - 6 - -2
-2
What is -7 - (-12 - -8 - 6)?
3
What is the value of (-15 - (4 + -5 - 6)) + 1?
-7
What is the value of 13 + (-2 - (9 + -6)) - 0?
8
What is -6 + (14 - 8) + -11?
-11
What is the value of -23 + 32 - (-2 + 3 - 0)?
8
(-2 - 0) + (3 + -5 - -7)
3
Calculate -5 + 1 - (-6 + 1).
1
1 + -5 + (-23 - -28)
1
What is the value of -165 + 149 - (0 + -11)?
-5
Evaluate -3 - 1 - (-8 + 4).
0
What is -6 + 1 - (1 - (-5 - -7))?
-4
What is the value of 6 + (3 - 5 - 5)?
-1
Evaluate -5 + 5 + (3 - (2 + 0)).
1
Calculate -3 + (0 - -4 - 5 - 1).
-5
Evaluate 1 + (-2 + 7 - 11).
-5
Evaluate -51 + 53 + 1 + -2 - 4.
-3
Evaluate 0 + -2 + -4 + 9 + 0.
3
Calculate (-33 - -18) + -2 + 11.
-6
Calculate -7 + (3 - -5 - 9).
-8
What is -6 - ((0 - -1) + -2)?
-5
-4 - (-4 + 7) - -5 - 1
-3
Evaluate -1 + 6 + (1 - (4 + 0)).
2
Calculate 0 + 10 + 0 + -7.
3
(2 - (0 + 2)) + 5
5
What is the value of -1 - -1 - (14 + -12 + 0)?
-2
(14 - 24) + (1 - -5)
-4
7 + -27 + 15 + (-1 - -13)
7
Calculate -6 - (-8 + 2) - (-1 - 4).
5
(-6 + 1 - (0 + 0)) + 0
-5
What is the value of 0 - -1 - (-9 - 0 - -9)?
1
Calculate 12 - 2 - (10 - 4).
4
Calculate -60 - -60 - (2 + -8 + 0).
6
Calculate 0 + (4 - 2 - -2).
4
What is -171 + 175 + 6 + 0?
10
15 - (-7 - -16) - (5 + 0)
1
Calculate 6 + -8 - (1 - 7).
4
Calculate 1 - (7 + (-7 - (2 - 5))).
-2
What is 1 - (0 + 2 - (1 + 4))?
4
-7 + 0 + 5 - (3 - 2)
-3
What is 2 + 8 + (-10 - -6) + -1?
5
23 - 15 - (4 - 1)
5
Calculate 1 + 0 + -3 + 3.
1
What is 18 + -5 + -5 - 2?
6
What is the value of 4 + (3 - 3) + 0?
4
Calculate -4 - 0 - (-7 - -6).
-3
What is the value of -2 - (0 - -1) - (-1 - 2)?
0
Calculate -3 + 3 - (8 - (3 - -1)).
-4
What is 5 + (-10 - -4 - -4 - 2)?
1
(3 - 0) + (6 + -7 - -2)
4
What is the value of 2 + 0 - -2 - (-18 + 18)?
4
Evaluate -10 + 2 + 1 + (-307 - -317).
3
7 - (-4 + 3 + -1 + 6)
3
-5 + (-16 + 7 - -18)
4
What is the value of (3 - 2) + (-3 - 1 - -8)?
5
What is (-2 - (1 + -4)) + 1 - 3?
-1
What is the value of 1 - (0 + 1 - (0 - 2))?
-2
What is the value of -1 - (-5 + 14 + -9)?
-1
Calculate (1 + -3 - (-16 + 18)) + 2.
-2
Evaluate (-10 - -6) + -5 + 2 + 5.
-2
Evaluate 2 - -1 - 0 - 2.
1
What is -2 - -4 - 2 - (2 - 3)?
1
-5 + 9 + 6 + -15
-5
What is the value of -5 - -1 - (-5 - -2) - -4?
3
Calculate (51 - 53) + (-2 - (0 + -7)).
3
Evaluate 0 - 1 - (4 - (-6 + 7)).
-4
What is the value of -1 - -5 - (7 + -1 - 1)?
-1
-10 + 11 - (1 + 4)
-4
4 - (4 - 1) - 0
1
-3 - 0 - (1 - (-9 + 17))
4
What is 1 + (4 - 1) - (1 + 4)?
-1
11 + (-6 - -12) + -12
5
What is -2 + (2 - (-7 + 4) - 1)?
2
-10 - (3 - 8) - 1
-6
19 + -20 - (0 - 3)
2
What is the value of (2 + 6 - 7) + -7 - -7?
1
What is -2 + (8 - (-6 + 6))?
6
What is the value of 0 - (-1 + (-5 - (-10 + 5)))?
1
Evaluate 1 + -1 + -1 + (0 - 3).
-4
Calculate 1 + -1 + -1 + 2 + 0.
1
What is 21 + -4 + (-9 - -1)?
9
Evaluate 4 - -2 - (1 + 2 - -13).
-10
(-4 - (9 + -5)) + 5 - -2
-1
-3 + -6 + 6 + 4
1
-3 - (1 - -2 - (-3 - -8))
-1
What is (10 - (-2 + 3)) + -2 - 4?
3
What is the value of 9 - (-2 - -2 - (-8 - -5))?
6
Evaluate 1 + 3 + -5 + -1 + -2.
-4
(5 + (-2 - -3) - 3) + -4
-1
Calculate 2 - -4 - (-1 + 2).
5
What is the value of (2 - 2) + (2 - (3 + -4))?
3
What is the value of -7 + 9 + -3 + -3?
-4
What is -7 + 7 + (4 - 8)?
-4
-1 - (-3 - (-3 + -2))
-3
What is -5 + 8 + (-2 + 0 - -4)?
5
Evaluate 3 - (4 - (0 + -7 + 3)).
-5
1 + (3 - (7 + (-4 - -2)))
-1
Evaluate (-2 - -7) + -8 - -2.
-1
What is 7 + -18 + 8 + -3?
-6
(1 - (0 + (1 - 4))) + 0
4
What is the value of -1 + 0 - (-9 - -3) - 0?
5
Calculate (-5 - (7 + -4 - -2)) + 3.
-7
What is the value of -3 + (5 - (3 + 3)) - -4?
0
Calculate 6 + (-11 - 2) + -1 + 1.
-7
Evaluate 2 + 0 + -2 - (-38 - -33).
5
Calculate 7 + -5 - (-1 - 0).
3
4 + -8 + 6 - 5
-3
Evaluate 1 + 0 - (-4 + 4 + 1).
0
What is the value of (-2 - -3 - 4) + (5 - 6)?
-4
What is the value of -7 + (0 + 13 - 7) - -1?
0
(4 - 1) + (2 - (-2 + 3))
4
Evaluate (5 - (1 + 4 - -2)) + 0.
-2
1 + -12 + (-149 - -150)
-10
What is 6 + -9 - 5 - -4?
-4
(-6 - (2 + -1) - -3) + 5
1
What is 11 - ((5 - 1) + 0)?
7
What is the value of 2 + (-2 - 3) + 7?
4
-7 + (-2 - 3) + 10 + -4
-6
2 + 5 - (-10 - -4 - -21)
-8
What is (3 - 0) + -5 - (-3 + 0)?
1
What is -6 + -3 + 2 + 2?
-5
What is (3 - -2) + -3 - 0?
2
Evaluate -1 + (-5 + 15 + -4 - 3).
2
What is the value of 9 + -1 + -1 - 2?
5
What is 5 + -3 + -11 + 19?
10
Evaluate -9 + 1 + (1 - 7 - -11).
-3
Ca